95. Give n(157).
-1951
Let q(h) = -1363*h - 287613. Give q(-211).
-20
Let a(v) = -1855*v - 810958. Determine a(-437).
-323
Let b(m) = -66*m**2 - 876*m - 46. Calculate b(-14).
-718
Let j(u) = -u**3 + 13*u**2 + 194*u - 1117. What is j(20)?
-37
Let n(w) = 3*w**2 + 50*w - 4817. What is n(-49)?
-64
Let z(n) = -1021*n - 75553. What is z(-74)?
1
Let d(p) = 16750*p - 33488. Calculate d(2).
12
Let t(c) = -33*c**2 - 2709*c - 1255. Determine t(-82).
-1009
Let k(v) = -2*v**3 - 2*v**2 - 663*v + 5283. Determine k(8).
-1173
Let g(s) = -18*s**3 - 31*s**2 - 22*s - 60. Calculate g(-2).
4
Let t(g) = 90*g - 14132. Give t(157).
-2
Let d(x) = x**2 + 1787*x - 7168. Give d(4).
-4
Let j(o) = o**2 + 9455*o + 94515. Calculate j(-10).
65
Let j(z) = 28*z**2 + 337*z + 603. Calculate j(-10).
33
Let t(q) = 6075*q - 85057. Calculate t(14).
-7
Let g(x) = -x**3 - 68*x**2 + 1444*x + 7. What is g(17)?
-10
Let t(i) = 27*i**2 + 11*i - 40. Calculate t(-3).
170
Let y(b) = 26*b**3 + 913*b**2 - 269*b - 13092. Give y(-35).
-2
Let q(i) = 8*i**2 - 89896*i - 899761. What is q(-10)?
-1
Let h(p) = 3*p**3 - 6*p**2 - 3060*p + 9150. What is h(3)?
-3
Let j(i) = -14*i**2 - 572*i + 9805. Determine j(13).
3
Let b(z) = -5384*z + 560008. Determine b(104).
72
Let j(z) = -23467*z**2 + 164273*z - 43. Give j(7).
-15
Let k(d) = -37*d**2 - 1116*d + 2225. Give k(2).
-155
Let t(n) = n**3 - 5*n**2 - 928*n - 8562. Calculate t(-20).
-2
Let d(r) = 31*r**2 + 1224*r - 1973. Give d(-41).
-46
Let t(d) = -d**2 + 12979*d - 3617791. Determine t(285).
-1
Let p(q) = -30253*q + 3600111. Calculate p(119).
4
Let f(d) = d**3 + 27*d**2 + 174*d + 499. What is f(-20)?
-181
Let h(p) = 5*p**3 - 623*p**2 + 947*p + 4550. Calculate h(123).
-1
Let r(h) = -464*h + 2592. Determine r(9).
-1584
Let o(p) = -1301*p - 17213. What is o(-15)?
2302
Let t(o) = -30*o - 350. What is t(-9)?
-80
Let v(m) = 5684*m + 16917. Determine v(-3).
-135
Let z(u) = -220156*u - 8586090. What is z(-39)?
-6
Let m(j) = j**2 - 85*j - 96855. Calculate m(-274).
1511
Let p(v) = -1661*v**2 - 39862*v - 21. Determine p(-24).
-69
Let y(p) = -1364*p - 7979. Determine y(-6).
205
Let a(p) = -7*p**2 + 1604*p - 21086. What is a(14)?
-2
Let b(m) = 11*m**2 + 313*m + 1180. Give b(-8).
-620
Let u(c) = 4*c**2 + 3566*c - 32418. Give u(9).
0
Let y(b) = -697*b - 3611. Determine y(-5).
-126
Let d(u) = -u**2 + 2408*u + 866744. Calculate d(-318).
-124
Let t(p) = -p**3 - 2*p**2 + 194*p - 451. Determine t(12).
-139
Let o(w) = 11*w**3 + 328*w**2 - 60*w - 26. Calculate o(-30).
-26
Let q(j) = -362*j**2 - 1080*j + 12. Give q(-3).
-6
Let n(b) = -32942*b - 66024. Calculate n(-2).
-140
Let c(d) = d**3 - 38*d**2 + 105*d + 1072. Determine c(34).
18
Let q(w) = 73*w**2 - 96*w + 1. What is q(1)?
-22
Let g(w) = 19587*w**2 + 58771*w + 38. Determine g(-3).
8
Let w(r) = r**3 + 20*r**2 - 360*r - 6323. Give w(-24).
13
Let r(q) = -q**3 - 19*q**2 + 887*q - 15. Calculate r(-41).
600
Let o(k) = 42084*k - 9510984. What is o(226)?
0
Let j(k) = -2*k**3 + 58*k**2 + 333*k + 288. Calculate j(-4).
12
Let p(d) = -17653*d + 8438137. Give p(478).
3
Let n(v) = v**2 - 41684*v + 166717. Calculate n(4).
-3
Let r(t) = t**3 + 104*t**2 - 418*t + 454. What is r(-108)?
-1058
Let q(i) = 4*i**2 - 4258*i + 12773. Determine q(3).
35
Let r(t) = -2*t**3 + 459*t**2 + 728*t - 8464. What is r(231)?
-379
Let q(a) = -6475*a - 252524. Calculate q(-39).
1
Let b(u) = -6*u**2 + 92*u + 191. What is b(-5)?
-419
Let j(u) = -u**3 + 483*u**2 + 4912*u + 8874. Calculate j(493).
0
Let u(p) = -10*p**2 + 92*p + 473. Calculate u(-6).
-439
Let q(b) = -4334*b + 117025. What is q(27)?
7
Let q(l) = -2*l**3 - 2135*l**2 - 3767*l - 606550. Give q(-1066).
4
Let i(p) = -85722*p - 342895. Determine i(-4).
-7
Let j(u) = u**2 - 60*u + 1445. Determine j(50).
945
Let a(h) = -4*h**2 - 331*h - 2523. Determine a(-74).
67
Let t(z) = -309*z + 106793. Calculate t(347).
-430
Let a(s) = 742*s - 515616. Determine a(695).
74
Let p(n) = n**2 - 162*n + 4530. Calculate p(35).
85
Let v(q) = 6046*q + 580421. What is v(-96)?
5
Let o(p) = 57986*p - 3015280. What is o(52)?
-8
Let x(v) = 84*v**2 - 424*v - 89. Give x(8).
1895
Let m(z) = 17*z**2 + 1307*z + 3768. Give m(-3).
0
Let d(s) = 1444700*s + 8668197. Determine d(-6).
-3
Let g(i) = i**3 - 22*i**2 + 107*i - 5. Give g(15).
25
Let x(u) = 2*u**2 + 12457*u - 488875. Give x(39).
-10
Let f(q) = -q**3 - 13*q**2 - 576*q + 1845. What is f(3)?
-27
Let w(o) = 2*o**2 + 16564*o - 116019. Calculate w(7).
27
Let c(d) = d**3 - 693*d**2 - 20954*d + 11540. Calculate c(722).
-12
Let u(a) = 214*a**2 + 1681*a + 1. What is u(-8)?
249
Let q(a) = 15342*a - 45981. Give q(3).
45
Let p(q) = 11*q**3 - 468*q**2 + 1028*q - 188. What is p(2)?
84
Let i(m) = -m**3 + 221*m**2 + 8386*m - 357. Calculate i(254).
659
Let t(n) = -2603*n + 101502. Determine t(39).
-15
Let l(i) = -6*i**2 - 1161*i - 29573. Determine l(-163).
256
Let y(i) = -1339*i + 28057. Calculate y(21).
-62
Let n(i) = -14910*i + 35834. Determine n(2).
6014
Let c(q) = 5*q**2 + 3*q - 16728. Determine c(-60).
1092
Let w(v) = -3*v**2 - 983*v - 79536. What is w(-182)?
-2
Let w(n) = 5*n**2 + 235*n - 12106. Give w(-78).
-16
Let w(l) = l**3 - 19216*l**2 + 192160*l - 1004. Calculate w(10).
-4
Let v(w) = -74*w**2 + 73*w + 146. Give v(-2).
-296
Let g(u) = -76*u**3 - 2*u**2 + 55*u + 58. What is g(-1)?
77
Let i(b) = -2*b**3 - 329*b**2 - 9727*b + 78451. What is i(-122)?
5
Let k(p) = -50626*p + 911264. Determine k(18).
-4
Let a(g) = 122*g**2 - 39411*g + 1491. What is a(323)?
-124
Let a(y) = 7872*y - 102302. Determine a(13).
34
Let o(z) = -z**3 + 159*z**2 - 300*z - 2410. What is o(157)?
-212
Let s(u) = 8*u**2 - 404*u + 407. Calculate s(50).
207
Let j(m) = m**3 - 23*m**2 + 31*m - 25. Determine j(12).
-1237
Let u(a) = 202*a - 4853. Determine u(24).
-5
Let d(b) = -12*b**2 + 1537*b + 133. Calculate d(128).
261
Let u(y) = -y**3 + 161*y**2 - 631*y + 693. Determine u(157).
222
Let v(w) = 2*w**3 + 21*w**2 - 175*w - 263. Give v(-15).
337
Let w(r) = r**2 - 422*r - 43835. Determine w(-86).
-147
Let n(b) = -b**3 + 2*b**2 + 786*b - 5907. Give n(8).
-3
Let o(n) = 224*n**3 + 1116*n**2 - 10*n + 57. What is o(-5)?
7
Let f(q) = -7668*q + 567432. What is f(74)?
0
Let h(k) = -8*k**2 + 1472*k - 13897. Determine h(174).
23
Let q(o) = 4*o**2 - 103*o + 376. Calculate q(27).
511
Let b(p) = -8*p**2 - 215*p - 384. Determine b(-25).
-9
Let x(c) = 99*c + 6105. Give x(-65).
-330
Let z(p) = 23641*p - 189122. Determine z(8).
6
Let t(v) = 386*v - 61632. Determine t(158).
-644
Let b(y) = y**3 - 215*y**2 - 1068*y - 7072. Give b(220).
-32
Let s(t) = -5288*t + 83467. Determine s(16).
-1141
Let q(x) = -x**2 + 54*x + 161. Determine q(-24).
-1711
Let w(d) = -d**3 + 33*d**2 + 1380*d - 636. Give w(57).
48
Let r(g) = -20406*g + 20771. Calculate r(1).
365
Let f(k) = k**3 - 87*k**2 + 141*k - 640. Calculate f(86).
4090
Let w(i) = i**2 + 392*i + 15963. Determine w(-46).
47
Let a(k) = 35*k**2 - 3463*k + 3409. Calculate a(1).
-19
Let q(y) = -3500*y - 584119. What is q(-167)?
381
Let v(g) = 100450*g - 602619. What is v(6)?
81
Let z(s) = -362289*s - 7245775. Determine z(-20).
5
Let n(r) = r**3 + 14*r**2 - 11*r + 317. What is n(-15)?
257
Let d(y) = -2248*y + 16064. Give d(7).
328
Let u(f) = 1157*f**2 - 100769*f + 9584. What is u(87)?
14
Let h(x) = 2128*x + 18978. What is h(-9)?
-174
Let g(k) = 37*k**2 + 6104*k - 197. Determine g(-165).
-32
Let m(f) = 2*f**2 + 646*f - 182454. Calculate m(-504).
-6
Let q(s) = -s**3 + 40*s**2 - 226*s - 2687. What is q(29)?
10
Let i(l) = -155*l**2 - 11046*l - 2877. Calculate i(-71).
34
Let k(q) = -q**3 + 100*q**2 + 181*q + 2336. Give k(102).
-10
Let l(f) = f**3 - 56*f**2 + 549*f + 185. Determine l(43).
-245
Let a(f) = 121*f + 1473. Determine a(-13).
-100
Let a(c) = -4*c**3 + 12*c**2 + 52*c - 15. Determine a(6).
-135
Let h(p) = 94*p - 688. Calculate h(18).
1004
Let u(x) = -3*x**2 - 1239*x - 86511. Give u(-89).
-3
Let u(n) = -10*n**2 - 580*n + 27494. Give u(31).
-96
Let k(n) = -n**3 - 12*n**2 - 13731*n - 164771. Determine k(-12).
1
Let h(d) = 49*d**3 - 28174*d**2 - 580*d + 2854. Give h(575).
-21
Let i(z) = 262*z**2 + 495*z + 40. What is i(-2)?
98
Let l(h) = -h**2 + 726*h + 3634. Calculate l(0).
3634
Let i(x) = 12*x**2 - 6996*x - 627567. Give i(-79).
9
Let q(d) = d**3 + 116*d**2 - 41583*d + 434. Calculate q(154).
-28
Let z(g) = -86*g**2 - 1